 of r?
2, 7
Suppose 195 + 345 = 4*i. What are the prime factors of i?
3, 5
Let b(l) be the second derivative of -l**4/12 - 5*l**3/3 - 9*l**2/2 - 2*l. Let c be b(-8). Let k(t) = 2*t - 8. List the prime factors of k(c).
2, 3
Let a = -5 + 5. Suppose a = -3*j + 4*j - 14. What are the prime factors of j?
2, 7
Suppose 0*o + 5*o = -95. Let r = -12 - o. Suppose 9 + r = 2*g. What are the prime factors of g?
2
Let j = -51 - -107. List the prime factors of j.
2, 7
Suppose 104 = y - 5*y. Let t(w) = w**3 - 6*w**2 - 2*w + 1. Let l be t(7). Let r = l + y. List the prime factors of r.
2, 5
Suppose 13*f = 16*f - 471. What are the prime factors of f?
157
Let m be (-19)/(-7) + 4/14. Suppose 4*y + 24 = -4*h, m*h + 24 = -h - 5*y. Let w(f) = -f**2 - 5*f + 8. What are the prime factors of w(h)?
2
Let y = 60 - -11. What are the prime factors of y?
71
Suppose -7*p + 4*p + 48 = 0. List the prime factors of p.
2
Suppose -21 = -8*j + 5*j. Let p = j - -1. What are the prime factors of p?
2
Let a(f) = -f**3 + 6*f**2 - 4*f - 7. Let y(p) = -3*p**3 + 12*p**2 - 9*p - 14. Let s(j) = 5*a(j) - 2*y(j). What are the prime factors of s(-6)?
5
Let h(f) = -2*f + 4. Let a(k) = k**3 - 5*k**2 - 6*k - 3. Let c be a(6). Let g = -1 + c. List the prime factors of h(g).
2, 3
Let f = 5 + -5. Suppose f = 5*r - 0*r - 25. Suppose -3*c - r*p + 18 = 0, -18 = -0*c - 3*c - 4*p. List the prime factors of c.
2, 3
Suppose 5*x = 15, -4*q - 2*x - 3*x = -19. Let o(j) = 4 - j - 4 + 6*j + q. What are the prime factors of o(2)?
11
Suppose 3*p = p - 20. Let o be (-104)/(-18) - p/45. List the prime factors of (-52)/(-14) + o/21.
2
Let g(m) = m - 2. Let s be g(5). Suppose -s*x = 2*x - 35. List the prime factors of x.
7
Let y = -7 + 10. Suppose -7 = -4*r - y. Suppose 2*q - 22 = -4*t, -r = -t + q + 3. What are the prime factors of t?
5
Suppose 2*o - 2 = 6. Suppose o*u - 64 = 3*j, 5*j = -4*u + 2*j + 64. Suppose -4*c + 8*c = u. What are the prime factors of c?
2
Suppose -2*r - 5*a + 190 = 0, -2*a + 74 = r - 19. Suppose -2*x - 2 = c - 36, -5*x + r = c. List the prime factors of x.
17
Suppose -2*g + 7*g - c = 329, 3*g = 3*c + 195. Suppose q = -q + g. List the prime factors of q.
3, 11
Let z(t) = t**3 - 8*t**2 + 12*t + 5. What are the prime factors of z(9)?
2, 97
Let l = -4 + 4. Suppose 4*z - 59 - 49 = l. List the prime factors of z.
3
Suppose 5*v = 5*p + 340, -2*v + 0*p + 131 = -p. List the prime factors of v.
3, 7
Suppose 0 = -3*c + 1 + 5. Suppose -f - c = -4. List the prime factors of f.
2
Let r(p) = 9*p. Suppose 5*a - 3*j + 9 = 34, -5*j - 15 = -3*a. Let c(q) = -18*q. Let y(n) = a*c(n) + 9*r(n). List the prime factors of y(-1).
3
Suppose 4*x = -4*k + 56, 4*x + 2*k - 64 = -x. List the prime factors of x.
2, 3
Let u = 5 - 7. Let q be ((-6)/(-10))/(u/(-10)). Let f = q + 4. What are the prime factors of f?
7
Suppose -4*g + 3*f + 244 = -0*f, -4*g + 2*f = -244. Let z = 88 - g. List the prime factors of z.
3
Suppose 360 = 2*l + 3*l - 3*k, 5*l - 4*k - 355 = 0. What are the prime factors of l?
3, 5
Let w = -44 + 76. List the prime factors of w.
2
Let m = 13 - 7. Let s(g) = 2*g**3 + 4*g**2 - 9*g. Let r(q) = q**3 - q**2 - q + 1. Let p(d) = 3*r(d) - s(d). What are the prime factors of p(m)?
3
Let l = 9 - 10. What are the prime factors of (3 - (-3 + 11))*l?
5
Suppose -5*l = 135 - 470. List the prime factors of l.
67
Let n(f) = 5*f - 7. Let q be n(7). Suppose -h - 7 = -q. List the prime factors of h.
3, 7
Let f(u) = 2*u**3 - 4*u**2 + 4*u - 3. Let i be f(2). Suppose -i*q + q = -72. What are the prime factors of q?
2, 3
Suppose 8*w - 92 = 3*w + 2*n, w = -2*n + 28. List the prime factors of w.
2, 5
Let z = 53 + -41. List the prime factors of z.
2, 3
Let b = 238 + -167. What are the prime factors of b?
71
Suppose 12 = 4*v - 4*y - 12, 5*y = -3*v - 6. Let u = 63 - 27. Suppose 2*p + v*h = 28, 4*p - 3*h - u = h. What are the prime factors of p?
11
Let a(t) = -t**2 + 5*t - 2. Let b be a(4). Let n be -3*2/4*b. What are the prime factors of (n/(-2))/(1/6)?
3
Let y(a) = -5*a**3 + 2*a**2 - 4*a + 6. What are the prime factors of y(-3)?
3, 19
Suppose -2*t + 8 = -4. What are the prime factors of (-156)/(-16) + t/(-8)?
3
Let l(q) = -2*q - 2. Let a be l(-2). List the prime factors of (-90)/(-7) - a/(-14).
13
Let r(d) = -d**2 - 14*d + 16. What are the prime factors of r(-7)?
5, 13
Let s be (1 - -6) + (0 - 3). Suppose -u = -t - 4*t - 28, s*t + 12 = 0. What are the prime factors of u?
13
Let l(n) = -11*n - 2. Let p(u) = -5*u - 1. Let g(b) = 3*l(b) - 5*p(b). What are the prime factors of g(-2)?
3, 5
Let h = -55 + 102. What are the prime factors of h?
47
What are the prime factors of 1 + ((-5310)/20)/((-3)/4)?
5, 71
Let z(b) = b**2 + 10*b + 9. Let c be z(-9). Let l(v) be the first derivative of -v**3/3 + v**2/2 + 3*v + 1. List the prime factors of l(c).
3
Let q(c) = -c**3 - 4*c**2 + 6*c + 5. Let n be q(-5). Suppose 2*j - 3*p = 44, -5*j + j + p + 98 = n. List the prime factors of j.
5
Let x = -27 - -40. Suppose -2*a - 3*g = -51, -a + x + 17 = -3*g. What are the prime factors of a?
3
Let o = -30 + 66. List the prime factors of o.
2, 3
Let o(u) = -5*u - 3. Let p(b) = -2*b**2 + 4*b - 2. Let z be p(2). What are the prime factors of o(z)?
7
Suppose -2*z - 4 = 20. List the prime factors of 4/z - 98/(-6).
2
Suppose g - 2*l = 3, 3*g + 19 = 7*g - l. Suppose -5*r + 0*s - s + 109 = 0, -g*s - 5 = 0. Let y = r - 13. What are the prime factors of y?
3
List the prime factors of (-2)/(-6 + 4) - -60.
61
Suppose v + 422 = 2*h + 67, 2*h + v = 345. List the prime factors of h.
5, 7
Suppose -76 = -4*q + 2*q - 2*r, 5*q - 3*r = 174. What are the prime factors of q?
2, 3
Let q = -11 - -24. List the prime factors of q.
13
Let d be 3/6*-2 + 2. Suppose -7 + d = -c. What are the prime factors of c?
2, 3
Suppose -66 = -f - 17. List the prime factors of f.
7
Suppose t = -4*t + 180. What are the prime factors of 1 + (t - (3 - 0))?
2, 17
Suppose 5*t - c = -0*t + 575, -c - 345 = -3*t. Suppose i = -4*i + t. List the prime factors of i.
23
Let h = 38 + -9. List the prime factors of h.
29
Suppose 3*c = 5*r + 152, 123 = 2*c + r - 0*r. Suppose f - 4*g = 37, f = -f + 3*g + c. List the prime factors of f.
5
Let l be (-3)/((-15)/(-4) - 3). Let y = l + 17. List the prime factors of y.
13
Let w = -102 + 162. List the prime factors of w.
2, 3, 5
List the prime factors of ((-3)/(-6))/(10794/(-2700) + 4).
3, 5
Suppose 0 = 5*i - i - 8. What are the prime factors of 10 - (i + 0 + 1)?
7
Let j(y) = y**2 + 4*y - 6. Let m be j(-6). What are the prime factors of 8/(1/(m/4))?
2, 3
Let q be (19 + -25)*16/(-6). Let d = q + 33. What are the prime factors of d?
7
Suppose 0 = 4*t + t - 75. Suppose -5 = x - t. What are the prime factors of x?
2, 5
List the prime factors of (-48)/(-40)*(-200)/(-6).
2, 5
Suppose -4*i + 52 = -0*i - 4*y, -2 = -2*y. Let j = 1 + -8. List the prime factors of 1/j + 44/i.
3
What are the prime factors of (-1141)/(-6) + ((-31)/6 - -5)?
2, 5, 19
Suppose 0 = -4*v + 5*y + 17, 7 - 3 = -4*y. Let w be 0 + 1 + 12/v. What are the prime factors of 3/w + (-22)/(-5)?
5
Let k(s) = -15*s**3 - s**2. Let v be k(-1). Suppose 2*g + v + 20 = c, -5*c + 3*g + 135 = 0. What are the prime factors of c?
2, 3
Let u(g) = -9*g**2 - 3*g - 3. Let d(k) = -k**2 + k + 1. Let h(m) = -2*d(m) - u(m). List the prime factors of h(-1).
11
Let s be (-3)/3*(-2 - -2). Suppose s*d = -d + 38. Suppose -4*w = 4*c - 24, -5*w + 3*w - d = -3*c. List the prime factors of c.
2, 5
Let z(i) = -2*i**3 - 7*i**2 - 7*i - 3. List the prime factors of z(-4).
41
Suppose -5*d + 5*k + 275 = 0, 2*k + 1 = 11. List the prime factors of d.
2, 3, 5
Let i = 24 - 59. Suppose -2*w - 19 - 85 = 0. Let z = i - w. What are the prime factors of z?
17
Suppose 0 = -9*b + 812 - 38. List the prime factors of b.
2, 43
Suppose -2*m - 1 = -7. Let b(l) = 2*l. Let i be b(m). Suppose w = i*w - 30. List the prime factors of w.
2, 3
Let a(j) = -j**2 - 10*j + 15. List the prime factors of a(-8).
31
Let o = -21 - -34. Suppose 2*z - o = 1. What are the prime factors of z?
7
Suppose -24 = 3*b - 3. Let k = -2 + b. Let u(o) = -o + 1. What are the prime factors of u(k)?
2, 5
Let p = 19 + -18. What are the prime factors of (p + -1 + -20)/(-1)?
2, 5
Let v(z) = z**2 + 49. Let i be v(0). Suppose -5*m + 106 = -i. Let t = m - 21. List the prime factors of t.
2, 5
Let u = -4 + 1. 